t of x?
2
Suppose 8 = 2*v, 0*v + 6 = 5*a - v. Suppose 5*z - 2*f = -f + 20, 2*f + 16 = a*z. What is the units digit of z?
3
Let i be 3*(10/(-18)*-6 - 2). Let c = -51 - -147. Suppose -i*s = -6*s + c. What is the units digit of s?
8
Let b(d) = d**2 - d + 2. Let t = -42 + 19. Let q = t - -23. What is the units digit of b(q)?
2
Suppose 3*k + 22 = 5*h, -5*h + 13 + 5 = -2*k. Suppose -h*o + 3*q = -131, 2*o - 5*q - 257 = -2*o. What is the units digit of o?
8
Suppose 3*m - 64 = -w, -18 + 100 = 4*m - 2*w. Let p = -12 + m. Suppose p = 3*q - a - 19, 0 = 3*q - 3*a - 30. What is the units digit of q?
9
Let w(x) = 19*x**3 + 7*x**2 - 7*x - 6. What is the hundreds digit of w(5)?
5
Suppose z + 1 = 16. Suppose -i - z = -47. What is the units digit of i?
2
Suppose 6*s = d + s - 13, 2*d + 4*s = -30. Let z = 89 - d. What is the tens digit of z?
9
Let i(o) = o**3 - 10*o**2 + 36*o + 3. What is the units digit of i(10)?
3
Suppose 13*w - 19165 = 8*w. What is the tens digit of w?
3
Let g = 41 + -23. Let s be -4 + (-5 - -4) + -2. Let j = g + s. What is the tens digit of j?
1
Let s = 541 + 2604. What is the tens digit of s?
4
Let u(x) = 5*x - 59. Let v(d) = -16*d**3 - 2*d**2 - 2*d + 1. Let i be v(-1). What is the units digit of u(i)?
6
Let v(b) = 225*b + 7. Let g(p) = -337*p - 11. Let o(q) = 5*g(q) + 8*v(q). What is the tens digit of o(1)?
1
Suppose -2*j = -2*s - 2, -4*s + 19 = 3. Suppose 25 = 5*d - 0*d, -4*u - 2*d - 14 = 0. Let v = j - u. What is the tens digit of v?
1
Let o = 9 - 6. Suppose -4*u + 9 + o = 0. Suppose 0 = -u*a - 26 + 101. What is the units digit of a?
5
Let l = -18 - -30. Let s = -38 - -24. What is the tens digit of (s/8)/((-1)/l)?
2
Suppose -2*s - 3*j + 253 + 104 = 0, 4*s = 5*j + 703. What is the units digit of s?
7
Let s(y) = y**3 - 2*y**2 - 14*y + 15. Let b be s(7). Suppose -4*j + 31 = -1. Suppose 5*i - j - b = 0. What is the tens digit of i?
3
What is the units digit of 13634/(-17)*2/(-4)?
1
Suppose -1984*z + 6148 = -1980*z. What is the units digit of z?
7
Let q be (-3)/(-4) + 270/(-40). What is the tens digit of 2/q - 826/(-21)?
3
Suppose 0 = 6*a + a - 2093. What is the hundreds digit of a?
2
Let n be 10 - (-2)/6*-3. Let i = n - 7. Suppose -33 = -2*w + 5*x - 2*x, -i*x - 46 = -4*w. What is the units digit of w?
9
What is the units digit of 2*(-14)/(-4)*(24 + 177)?
7
Suppose -3 = 19*f - 20*f. Suppose 0 = 2*r - f + 15. Let w(s) = -s**3 - 4*s**2 + 5*s + 11. What is the units digit of w(r)?
3
Suppose -3*n + 6*n - 999 = 4*h, 4*h = -3*n + 999. What is the tens digit of n?
3
Let c(y) = -y**3 + 5*y**2 + 9*y - 6. Let f be c(6). Let x = f - 4. Suppose 3*g + x = 80. What is the tens digit of g?
2
Let b(d) = -4*d**2 + 7*d + 1. Let s be b(5). Let v = s - -117. What is the units digit of v?
3
Let c(x) = 2*x + 4. Let h be c(-2). Suppose 2*i - 4*i + 42 = h. What is the tens digit of i?
2
Suppose 0 = -12*b + 9339 - 1443. Suppose -2*f + 0*f = -5*z - 240, 5*f = -2*z + b. What is the tens digit of f?
3
Let t(j) = j + 4. Let s be t(0). Suppose -n + 1 = 3*i + s, 5*i = -n - 1. What is the tens digit of 80/6 - (-2)/n?
1
Let p(b) = b**2 - 14*b + 12. Let w(m) = -3*m**3 + 5 - 1 - 8*m - 2*m**2 + 2*m**3 - 5*m**2. Let h be w(-6). What is the units digit of p(h)?
4
Let c = -390 + 3375. What is the tens digit of c?
8
Let o(w) = w + 17. Let c be o(-14). Suppose -2*l + 0*l - 5*b + 216 = 0, 0 = -c*b. Suppose 2*s - 1 = a - 28, -3*s = -4*a + l. What is the tens digit of a?
2
Let x = 256 - 100. What is the units digit of x?
6
Let f be 1 + 4 + (1 - -1). Let z = 302 - 170. Suppose 2*y - q - 66 = 0, -z = -4*y + 2*q - f*q. What is the units digit of y?
3
Let r(g) = g**3 + 4*g**2 - 7*g - 7. Let j be r(-5). Let i = j - 3. Suppose 4*s - 82 = 3*z, i*z = -4*s + 5*z + 86. What is the tens digit of s?
1
Let k be 6/(8/4*1). Suppose 3*g = -k*q + 81 - 3, -3*g - 2*q = -73. What is the units digit of (g - 0)*4/6?
4
Let q(v) = -v**3 - 22*v**2 - 2*v + 14. Let d be 2 - 3 - 84/4. What is the tens digit of q(d)?
5
Suppose 0 - 2 = -2*x, 2*p + 2*x = 2. Let y = 2 + p. Suppose j - y*j + 7 = 0. What is the units digit of j?
7
Let v(i) = 11*i**2 - 8*i + 6. Let x be v(5). Suppose -4*m = j - x, 0 = m + j - 26 - 35. What is the tens digit of ((-26)/(-6))/(10/m)?
2
Let i = 151 - 149. What is the units digit of (-1085)/(-14) + i/4?
8
Let q(j) be the third derivative of 7*j**6/120 - j**5/60 + j**2. Suppose t = 0, t = -2*i - 0*t + 2. What is the units digit of q(i)?
6
Let w(d) = -23*d - 14 + 46*d - 16*d. What is the units digit of w(3)?
7
Let w = 965 + -575. What is the hundreds digit of w?
3
Let v = -1 + 2. Suppose 0 = 2*f + v - 13. Suppose -f*n = -2*n - 160. What is the units digit of n?
0
Suppose 4423*h = 4433*h - 3010. What is the tens digit of h?
0
Suppose -25 = -y + 67. Suppose -28*f - y = -32*f. What is the units digit of f?
3
Suppose -3*t + 162 + 798 = 0. What is the hundreds digit of t?
3
Let v be (-12)/(-15) - (-244)/20. Let y = -9 + v. Suppose 3*z - 20 = -2*d, -3 - 37 = -y*d - 2*z. What is the tens digit of d?
1
Let v = 2123 - 2121. Let a = 187 + -133. Suppose 56 = v*y - a. What is the tens digit of y?
5
Let o(m) = 52*m**2 + 23*m - 126. What is the units digit of o(8)?
6
Suppose -15 = 3*b, -r - 4*b + 7*b = -2005. What is the tens digit of r?
9
Let y be (6/(-18))/((-3)/9). What is the units digit of ((-24)/18*1)/(y/(-102))?
6
Let i(f) = -f**2 + 15*f - 19. Let p(j) = -j**2 + 14*j - 19. Let a(c) = 5*i(c) - 6*p(c). What is the units digit of a(6)?
1
Suppose -5*p - 6 = 9. What is the units digit of -2*(-4 - p)*3?
6
Suppose -z + 15 = 3*h + h, 0 = -5*z + 5*h - 25. Let q(f) = -9*f + 1. What is the tens digit of q(z)?
1
Suppose 1502 = 2*w - 4*g - 806, 4*w = 3*g + 4591. What is the thousands digit of w?
1
Let r be ((-6)/(-2))/((-3)/26). Let s = 41 + r. Let w = -12 + s. What is the units digit of w?
3
Suppose 2 = -0*p + p. Suppose p*l = 6*l. Suppose 3*s = -5*h + 63, 4*s - 44 + l = -4*h. What is the tens digit of h?
1
Let q(g) = -g. Let o(k) = -6*k - 23. Let t(w) = -o(w) + q(w). What is the tens digit of t(13)?
8
Suppose 4*a + 1 = 21. Let z(l) be the second derivative of l**3 - 2*l**2 + 2*l. What is the tens digit of z(a)?
2
Let u be (-110)/4*(-32)/10. Suppose 0 = 4*b + 5*n - 125 + 21, -n = 4*b - u. What is the units digit of b?
1
Suppose -12942 = -28*b + 3046. What is the hundreds digit of b?
5
Let u(q) = 121*q**2 + 54*q - 2. What is the hundreds digit of u(-2)?
3
Suppose -20 = -5*w - 9*l + 4*l, 19 = 4*w + 5*l. Let y be (0 + w)*(-24)/(-8). Suppose 0 = -p + 16 - y. What is the tens digit of p?
1
Let r(u) = u**3 + 7*u**2 - 3*u - 13. Let y be r(-6). Suppose -y - 101 = -w. What is the hundreds digit of w?
1
Suppose 2*s + 32 + 18 = -5*u, 5*s - 2*u + 67 = 0. Let w(j) = 2*j**2 + 10*j + 13. Let d be w(-6). Let g = d + s. What is the units digit of g?
0
Let n(k) = -2*k**3 + k**2 - 1. Let u be n(-1). Suppose 10*j - u*j = 88. What is the tens digit of j?
1
Let f be (-12)/(-7) - (-4)/14. Let x(p) = -15 - p**3 + 2*p**3 + 0*p**f + p - 6*p + 8*p**2. What is the tens digit of x(-7)?
6
What is the tens digit of ((-15)/(-75))/((-1)/(-28585))?
1
Suppose 34 = 4*q - 2. Suppose 6 = -2*c, 3*c + 9 + q = 3*i. Suppose 0 = -z + i*t + 2*t + 21, 3*z = -4*t + 139. What is the units digit of z?
1
Let a(x) = 13*x + 205. What is the tens digit of a(11)?
4
What is the units digit of (-48)/90*(-66)/4*40?
2
Let c = -215 - -853. What is the hundreds digit of c?
6
Suppose 46*x + 321035 = 111*x. What is the tens digit of x?
3
Let z = 25 - 19. Suppose -y = -2*r + 4, -2 = -4*r - 4*y + z. Suppose l - r = p, 5*l - 15 = 5. What is the units digit of p?
2
Suppose 0 = 5*b - 5*y - 5, 2*y - 20 - 6 = -5*b. Let z(u) = 42*u + 39. What is the hundreds digit of z(b)?
2
What is the tens digit of 6*5/(-15) - -518?
1
Let q be (1 - -9)/2*1. Let p be (-3)/(9/q)*3. Let m = p - -44. What is the tens digit of m?
3
Let b be ((-81)/(-6) - 2)*6. Suppose 0 = -2*k + 1 + b. What is the units digit of 7/k + (-9)/(-5)?
2
Let z be (-9)/(-6) + (-1)/(-2). Suppose -5*a - 2 - 10 = 3*r, -5*r = 2*a + 1. Suppose -3*o + r = -2*l, -1 = -3*o + z*o. What is the units digit of l?
1
Let s be (0 - 1)/2*130. Let o be ((-180)/(-2) - 0) + 1. Let n = o + s. What is the tens digit of n?
2
Suppose -7 = 9*o - 34. Suppose o*y + 2*l = -3*l + 167, -l + 116 = 2*y. What is the tens digit of y?
5
Let b(f) = -f**3